*2 - 3*h + 3. Calculate the remainder when b(-6) is divided by w.
3
What is the remainder when 153 is divided by 542/14 + 8/28?
36
Suppose -q + 9 = -5*s, -3*s + 3 - 12 = -q. Let w = 39 - 21. Suppose 2*u - 68 + w = 0. Calculate the remainder when u is divided by q.
7
Suppose n + 320 = 3*n. Suppose 0 = 4*g - 3*g - v - 26, 5*g + v = n. Calculate the remainder when g is divided by -1*-4*2 + 0.
7
Let l = 26 + -10. Let g(s) = 7*s**2 + 2. Calculate the remainder when g(2) is divided by l.
14
Let f(q) = -3*q. Let u be f(4). Let b be (-4)/u + (-22)/(-6). Suppose 0 = 2*a - b*a + 8. What is the remainder when 6 is divided by a?
2
Let y(c) = -219*c + 1. Let a be y(-1). Calculate the remainder when 20 is divided by 2/(8/a*5).
9
Suppose 0 = -4*r + 8*r - 64. Let u = 1 + r. Calculate the remainder when 67 is divided by u.
16
Calculate the remainder when (2 + -4)/(-2) - -162 is divided by 33.
31
Suppose -7*z + 152 = -345. What is the remainder when z is divided by 15?
11
Let n(z) = -z**2 + 5*z - 1. Suppose -3*j = -2*j - 9. Suppose 6*o = 3*o + j. Calculate the remainder when n(o) is divided by 2.
1
Let h = 9 + 70. Calculate the remainder when h is divided by 20.
19
Let w = 79 - 55. What is the remainder when (-2)/12 - (-1108)/w is divided by 16?
14
Suppose -10*o = -8*o - 8. What is the remainder when 17 is divided by o?
1
Suppose -t + 4*t = 0. Let l(d) = -d**2 + d + 57. Calculate the remainder when l(t) is divided by 15.
12
Suppose -4*k = 4*y - 5*y - 4, k - 1 = -4*y. What is the remainder when (2/3)/((-6)/(-27)) is divided by k?
0
Suppose 7*t = 51 - 9. What is the remainder when 21 is divided by t?
3
Let b = -3 - -6. Let f be (-3)/(9/12*-1). Suppose f*l - 2*j - 22 = 18, 32 = 2*l - 4*j. What is the remainder when l is divided by b?
2
Let s = 34 + -21. Let k = -17 - -66. What is the remainder when k is divided by s?
10
Let v = -2 + 4. Suppose 5*r - 89 = -4*o, -4 = -r + v*o + 25. Let i(d) = d**3 - 11*d**2 + 18*d + 6. What is the remainder when r is divided by i(9)?
3
Suppose -4*u - 70 = -6*u. Let a(m) = -m**3 - 6*m**2 + 7*m + 2. Let w be a(-6). Let o = -21 - w. Calculate the remainder when u is divided by o.
16
Let h = 3 + 20. Let d = -3 + h. Suppose 0 = 3*v - v - 22. What is the remainder when d is divided by v?
9
Let r(v) = v**3 + 7*v**2 + 5*v - 5. Suppose -3*q - q + a + 12 = 0, a - 15 = -5*q. Suppose q + 3 = -d. Calculate the remainder when 2 is divided by r(d).
0
Suppose -20 = -0*d + 2*d. Let f be d/(-25)*(-14 + -1). What is the remainder when (-222)/(-9) - 2/f is divided by 13?
12
Let q(r) be the second derivative of -r**3/6 - r**2/2 + 5*r. Calculate the remainder when 26 is divided by q(-8).
5
Suppose 27 = -6*a + 7*a. What is the remainder when a is divided by 16?
11
Suppose -2*k + 2 = 0, p = 4*k + k - 1. Suppose 2*x + p = 6*x. What is the remainder when x is divided by 1?
0
Let u be (-42)/(-9)*3/2. Suppose 3 = -2*r - u, -31 = -3*l - r. Calculate the remainder when 46 is divided by l.
10
Suppose 0*m - 35 = -4*o - m, 3*o - m - 21 = 0. Let g(n) = -n**3 + 9*n**2 - 4*n - 10. Calculate the remainder when g(o) is divided by 12.
10
Suppose -47 = -5*k - 3*u, 1 - 14 = -k + 3*u. Suppose r + 3 = 2*t, 0*r - 5*r + 15 = -4*t. What is the remainder when 3*k + (-3)/1 is divided by r?
6
Suppose -3*q - 2*q = 5. Let j = q - -3. Calculate the remainder when 27 is divided by 4*1/j + 12.
13
Suppose 2*k + 16 - 62 = 0. Suppose -146 = -4*h + 3*p, -4*h - 5*p + 107 = -k. Suppose q - h = -8. What is the remainder when q is divided by 14?
13
Suppose -19 = 2*p - 7. Let z(o) = o**3 - 5*o**2 - 4*o + 7. What is the remainder when z(6) is divided by 48/5 + p/(-15)?
9
Suppose -5*x - 3*h + 646 = -2313, 0 = -4*h + 12. What is the remainder when x/18 + (-2)/(-9) is divided by 12?
9
Let h = 38 + 2. Suppose 32 = 2*j - 2*n - 6, -34 = -j + 4*n. Calculate the remainder when h is divided by j.
12
Calculate the remainder when 72 is divided by (-414)/(-22) - (80/(-88))/5.
15
Suppose 4*a - 211 - 49 = 0. Calculate the remainder when a is divided by 17.
14
Suppose -2 + 10 = 4*v. Suppose v*o - 38 = -0*o. What is the remainder when o is divided by 7?
5
Let v(u) = 11*u - 4. Suppose -15 = -6*c + c. Calculate the remainder when v(c) is divided by 10.
9
What is the remainder when (7/(-14))/((-1)/22) is divided by 4?
3
Suppose l + 12 = 2*w, 2*w - 3*l = 3*w - 6. What is the remainder when 21 is divided by w?
3
Suppose -4*r + 3 = -b, r = -1 + 3. Suppose 0 = b*t - 8*t + 36. Calculate the remainder when t is divided by 7.
5
Let c(y) = -y**3 + 8*y**2 + 6. Calculate the remainder when c(5) is divided by 21.
18
Suppose -2*i + 5*o - 2*o = -141, -5*i = -3*o - 330. Suppose 2*b + 19 = 51. What is the remainder when i is divided by b?
15
Suppose -v - 5*b + 58 = 0, 2*v - 194 = -3*v - b. Let q = 3 - -7. What is the remainder when v is divided by q?
8
Let g = -56 - -117. Calculate the remainder when g is divided by 9.
7
Suppose -4*n = -3*n + 3. What is the remainder when 28 is divided by 13 - (n - (0 + -1))?
13
Let x = -24 - -36. What is the remainder when 2*x/(-8) + 35 is divided by 17?
15
Let m = -18 - -48. Suppose 4*i - 16 - 48 = 0. Calculate the remainder when m is divided by i.
14
Let l(c) = c**2 + c - 7. Suppose 3*n - 8*k + 3*k = -20, 4*k + 21 = -5*n. What is the remainder when 51 is divided by l(n)?
12
Let d(a) = 77*a + 1. Suppose 0*k - 5 = -5*k. Calculate the remainder when d(k) is divided by 20.
18
Suppose 0 = 3*m - m - 6. Suppose 4*c - 2*a = a + 9, m*c = -4*a + 38. Calculate the remainder when 10 is divided by c.
4
Let p(c) be the second derivative of -c**3 - 5*c**2 + c. Suppose -2*n = 2, 62 = 5*m + n + 2*n. What is the remainder when p(-8) is divided by m?
12
Suppose -4*d + 6 = 30. Let z(k) = 1 - 14*k + 6*k + 6*k. What is the remainder when z(d) is divided by 5?
3
Let q = -2 + 5. Suppose 3*l - g = -5*g + 101, -3*l + q*g + 129 = 0. Suppose 0 = -5*t - l + 234. Calculate the remainder when t is divided by 10.
9
Let l = -85 - -122. Calculate the remainder when l is divided by 14.
9
Suppose 8*m - 79 + 15 = 0. Calculate the remainder when 53 is divided by m.
5
Suppose 0 = 5*n + 3*k + 2, 4*n - 8 = 2*k + 8. Let b(f) = 2*f**3 - 2*f**2 - 2*f. Calculate the remainder when 11 is divided by b(n).
3
Let j(d) = -d**2 - 15*d + 25. What is the remainder when 152 is divided by j(-14)?
35
Suppose c + 3 = -3. Let i(y) = -y + 7. Suppose j - 3 = 21. What is the remainder when j is divided by i(c)?
11
Suppose -5*v + 118 = 4*l - 7*l, 4*l = 16. Let q = v + -22. What is the remainder when 11 is divided by q?
3
Suppose 2*w + 0*w = -4*j + 60, -16 = -j - w. What is the remainder when 55 is divided by j?
13
Let u(h) = h**2 - 5*h + 5. Let r(l) = -1. Let a(z) = 3*r(z) + u(z). Let i be a(5). What is the remainder when 16 is divided by (-1)/i*(-14 - -2)?
4
Let b = 16 - 12. What is the remainder when 47 is divided by 2*b + (-7 - -11)?
11
Suppose 4*r + g - 24 = 138, 3*r = -3*g + 117. Let w(z) = z**2 + 11*z + 2. What is the remainder when r is divided by w(-12)?
13
Suppose y = -2*y + 42. Calculate the remainder when y is divided by 4.
2
Let a = -2 - -4. Suppose k - 75 = -a*k. Calculate the remainder when 40 is divided by 1/(-5) - (-355)/k.
12
Let a(f) = f**2 + 3*f - 4. Let z be a(3). Suppose -j - 77 + z = 0. Let x = -42 - j. What is the remainder when x is divided by 12?
9
Let w = -13 + 9. Let t(v) = v**3 + v**2 - 1. Let g(i) = 6*i**3 + 10*i**2 - i - 3. Let r(m) = g(m) - 5*t(m). What is the remainder when r(w) is divided by 12?
10
Suppose -5 = -q + 9. Suppose -3*w - l = -2*w - 102, 3*w = 3*l + 330. Suppose 0 = 3*t - w - 14. What is the remainder when t is divided by q?
12
Let z(k) be the second derivative of -2*k**3/3 + 3*k**2/2 + k. Calculate the remainder when 44 is divided by z(-3).
14
Let r be -1*(2 + -2 + -155). Let l = -11 + r. Suppose 3*b = -2*f + 82, -4*f + b = -8*f + l. Calculate the remainder when f is divided by 12.
11
Let v = -16 + 21. Suppose 3*r - 117 = -5*k + 90, v*r = -4*k + 176. Let i(c) = 3*c**2 + 3*c + 2. What is the remainder when k is divided by i(-3)?
19
Let d = 85 + -71. Suppose -4 - 5 = i. Let p = 36 + i. Calculate the remainder when p is divided by d.
13
Let q be (-6)/(-39) - (-67)/(-13). Let j(t) = -t**2 - 7*t + 1. Calculate the remainder when 285/9 + 1/3 is divided by j(q).
10
Suppose 8*a + 100 = 4*a. Let x = a - -27. Wha